posite number?
False
Is 173099 prime?
True
Is 7331 composite?
False
Is 1225787 a composite number?
False
Is 56279 prime?
False
Is 529577 a prime number?
True
Is 1797 prime?
False
Is 3863 a prime number?
True
Is 81803 prime?
False
Is 2213663 composite?
True
Is 3505 a prime number?
False
Is 11749 prime?
False
Is 52489 prime?
True
Is 1720399 prime?
True
Is 54221 a composite number?
True
Is 184351 a composite number?
False
Is 11545 prime?
False
Is 5549 a prime number?
False
Is 10589 prime?
True
Is 5627 prime?
False
Is 1247 prime?
False
Is 2883883 a prime number?
False
Is 100391 prime?
True
Is 19733 a prime number?
False
Is 1477 composite?
True
Is 27679 prime?
False
Is 70337 composite?
True
Is 281947 prime?
True
Is 70373 composite?
False
Is 289907 composite?
True
Is 100907 a prime number?
True
Is 1513219 a prime number?
True
Is 846113 prime?
True
Is 25649 a prime number?
False
Is 25831 composite?
True
Is 153929 prime?
True
Is 451 a prime number?
False
Is 22749 composite?
True
Is 45737 a composite number?
False
Is 587017 a composite number?
False
Is 154723 prime?
True
Is 3261 a prime number?
False
Is 243301 prime?
True
Is 236173 prime?
False
Is 21767 a prime number?
True
Is 245489 prime?
False
Is 11369 a prime number?
True
Is 233113 a composite number?
False
Is 10223 a prime number?
True
Is 77667 a prime number?
False
Is 24907 composite?
False
Is 120191 prime?
False
Is 8309 prime?
False
Is 20039 prime?
False
Is 237529 a prime number?
False
Is 2285143 composite?
True
Is 68369 a prime number?
False
Is 117791 a prime number?
False
Is 573637 prime?
True
Is 17587 prime?
False
Is 1717 a prime number?
False
Is 7999 prime?
False
Is 54829 prime?
True
Is 718559 prime?
True
Is 80669 a composite number?
False
Is 403357 composite?
True
Is 188663 prime?
False
Is 471 a prime number?
False
Is 704163 composite?
True
Is 6733 a prime number?
True
Is 74049 prime?
False
Is 4759 a prime number?
True
Is 70223 composite?
False
Is 35 composite?
True
Is 234599 prime?
True
Is 3319 a prime number?
True
Is 284023 composite?
False
Is 246661 composite?
False
Is 68339 a composite number?
True
Is 9977 prime?
False
Is 892985 composite?
True
Is 8683 composite?
True
Is 114602 composite?
True
Is 54521 composite?
False
Is 6630841 a composite number?
True
Is 4111 a composite number?
False
Is 2031963 a composite number?
True
Is 9509 composite?
True
Is 1831051 a composite number?
False
Is 4837 prime?
False
Is 47179 composite?
True
Is 1769 a prime number?
False
Is 8203 composite?
True
Is 3017 prime?
False
Is 359 a composite number?
False
Is 6345197 composite?
False
Is 102241 composite?
False
Is 31307 a prime number?
True
Is 617843 prime?
True
Is 3134299 a composite number?
True
Is 387793 a prime number?
False
Is 238897 prime?
True
Is 23105 a prime number?
False
Is 22523 a composite number?
True
Is 247991 a composite number?
False
Is 397981 composite?
False
Is 48011 a prime number?
False
Is 65479 composite?
False
Is 1637411 a prime number?
False
Is 10289 a composite number?
False
Is 159971 prime?
False
Is 82437 a composite number?
True
Is 921163 a prime number?
False
Is 16421 prime?
True
Is 571579 composite?
False
Is 1541 a prime number?
False
Is 1961321 a composite number?
False
Is 6238 composite?
True
Is 347329 a prime number?
True
Is 26311 a composite number?
True
Is 521329 composite?
False
Is 134049 a composite number?
True
Is 163 a prime number?
True
Is 21391 composite?
False
Is 315049 prime?
False
Is 11351 a composite number?
False
Is 6999 prime?
False
Is 5021 a prime number?
True
Is 11801 a composite number?
False
Is 14447 a composite number?
False
Is 4634159 a composite number?
True
Is 122201 prime?
True
Is 251551 a prime number?
False
Is 3341 a composite number?
True
Is 55757 composite?
True
Is 3611 prime?
False
Is 90523 composite?
False
Is 311867 a composite number?
False
Is 3761 a composite number?
False
Is 182633 a prime number?
False
Is 485479 a composite number?
False
Is 341283 a prime number?
False
Is 397895 a prime number?
False
Is 314 composite?
True
Is 105353 composite?
True
Is 1588057 prime?
False
Is 6389 prime?
True
Is 29487 a composite number?
True
Is 15091 a prime number?
True
Is 227314 a composite number?
True
Is 600269 a prime number?
True
Is 443 a composite number?
False
Is 127 composite?
False
Is 3407 composite?
False
Is 207941 a composite number?
False
Is 35201 a composite number?
False
Is 2264089 composite?
False
Is 5534 prime?
False
Is 229453 a prime number?
False
Is 192529 a composite number?
False
Is 50243 composite?
True
Is 125441 composite?
False
Is 26891 a prime number?
True
Is 373903 a prime number?
True
Is 845885 prime?
False
Is 2685073 composite?
False
Is 89783 prime?
True
Is 291167 prime?
True
Is 11563 composite?
True
Is 4721 a composite number?
False
Is 7543 prime?
False
Is 12037 a composite number?
False
Is 99194 composite?
True
Is 26186 a prime number?
False
Is 572122 composite?
True
Is 3317 a prime number?
False
Is 107441 a prime number?
True
Is 2507 composite?
True
Is 1371469 a prime number?
False
Is 26305 a prime number?
False
Is 36503 a prime number?
False
Is 2085949 a prime number?
False
Is 69163 a composite number?
False
Is 32059 a composite number?
False
Is 66509 composite?
False
Is 24935 a composite number?
True
Is 271703 prime?
True
Is 91765 composite?
True
Is 60163 a composite number?
True
Is 127393 composite?
True
Is 6701 composite?
False
Is 478897 a composite number?
False
Is 13381 a composite number?
False
Is 8263 prime?
True
Is 17881 prime?
True
Is 738263 a composite number?
False
Is 23459 a composite number?
False
Is 179123 composite?
True
Is 3601 composite?
True
Is 597757 a prime number?
True
Is 221849 a composite number?
False
Is 81327 prime?
False
Is 3273987 a composite number?
True
Is 152959 prime?
True
Is 20771 a composite number?
False
Is 188401 prime?
True
Is 26539 a prime number?
True
Is 6449 a prime number?
True
Is 1657 prime?
True
Is 15229 a prime number?
False
Is 6136363 a prime number?
True
Is 14285 a composite number?
True
Is 18782 composite?
True
Is 112547 a composite number?
True
Is 3020803 composite?
False
Is 652447 composite?
False
Is 32641 a composite number?
True
Is 26357 a composite number?
False
Is 614377 prime?
True
Is 184663 a composite number?
True
Is 368089 a composite number?
False
Is 65069 prime?
False
Is 1509591 prime?
False
Is 241037 a prime number?
True
Is 301141 prime?
True
Is 109699 composite?
True
Is 113573 a composite number?
True
Is 1513 prime?
False
Is 1048309 composite?
False
Is 543617 prime?
True
Is 2179 composite?
False
Is 85513 prime?
True
Is 240587 a composite number?
False
Is 530234 composite?
True
Is 4661629 composite?
True
Is 3377 prime?
False
Is 1347 composite?
True
Is 12607 prime?
False
Is 3989 a prime number?
True
Is 65537 a prime number?
True
Is 4721 prime?
True
Is 175387 a prime number?
False
Is 2545 prime?
False
Is 180209 prime?
False
Is 2099587 prime?
False
Is 9239 prime?
True
Is 1106789 composite?
False
Is 2897 a composite number?
False
Is 9403 prime?
True
Is 14583 composite?
True
Is 430259 a prime number?
True
Is 7247 a composite number?
False
Is 1036787 a composite number?
False
Is 35671 prime?
True
Is 68095 prime?
False
Is 248459 a composite number?
True
Is 157 a prime number?
True
Is 351457 a prime number?
True
Is 12323 a composite number?
False
Is 24691 prime?
True
Is 40955 a prime number?
False
Is 460547 composite?
True
Is 10537 a composite number?
True
Is 12323 composite?
False
Is 1501 a prime number?
False
Is 688813 a prime number?
True
Is 84833 composite?
True
Is 2179 a composite number?
False
Is 1921 prime?
False
Is 213449 composite?
False
Is 57457 a composite number?
False
Is 373567 a prime number?
True
Is 675299 composite?
False
Is 190753 a prime number?
True
Is 180721 a prime number?
False
Is 688855 a composite number?
True
Is 3343 a prime number?
True
Is 352535 a prime number?
False
Is 208429 a composite number?
True
Is 7249 a composite number?
True
Is 23631 a composite number?
True
Is 6707 prime?
False
Is 26489 composite?
False
Is 1235365 a prime number?
False
Is 426293 a prime number?
False
Is 6107 a prime number?
False
Is 14963 a prime number?
False
Is 173878 composite?
True
Is 8419 composite?
False
Is 53 a prime number?
True
Is 37747 prime?
True
Is 1040977 compos